(d) = -4*d - 2. Determine f(-19).
74
Let r(q) = 2*q**2 - 1378. Calculate r(-26).
-26
Let a(p) = -12883*p - 115950. Calculate a(-9).
-3
Let d(h) = h**3 - 38*h - 100. Give d(-3).
-13
Let x(m) = -23732*m - 94928. Give x(-4).
0
Let y(f) = -3*f**3 + 164*f**2 + 50*f + 220. What is y(55)?
-55
Let t(s) = -5*s**3 - 16*s**2 - 6*s - 19. Give t(-3).
-10
Let c(q) = -q**3 - 19*q**2 + 26*q + 503. Give c(-19).
9
Let g(t) = -2*t**3 + 13*t**2 - 77*t + 815. What is g(8)?
7
Let j(s) = s**3 + 5*s**2 - 62*s - 114. Determine j(-10).
6
Let b(w) = 2*w**2 + 298*w + 1182. Calculate b(-4).
22
Let o(a) = -2*a**3 - 94*a**2 - 100*a - 370. Determine o(-46).
-2
Let o(r) = 64*r**2 + 2*r. Determine o(-1).
62
Let v(b) = b**3 - 30*b**2 - 18*b - 109. Determine v(31).
294
Let o(t) = t**2 - 316*t - 11927. Give o(-34).
-27
Let d(f) = 2*f**2 + 57*f - 813. Calculate d(-39).
6
Let h(n) = -n**3 - 2*n**2 + 56*n + 53. Determine h(-8).
-11
Let u(q) = 21*q - 682. Calculate u(37).
95
Let c(g) = g**3 + 6*g**2 - 10*g + 39. Calculate c(-8).
-9
Let n(k) = 4*k**3 + 23*k**2 - 131*k - 761. Calculate n(-6).
-11
Let z(s) = s**3 + 12*s**2 + 7*s - 32. Calculate z(-10).
98
Let o(m) = -52*m - 5908. Determine o(-114).
20
Let h(i) = 2*i**2 + 76*i - 62. Give h(-40).
98
Let j(a) = -a**3 - 6*a**2 + 36*a + 223. Give j(-6).
7
Let l(a) = -117*a - 142. Calculate l(0).
-142
Let h(m) = -m**3 + 4*m**2 - 3*m + 4. Calculate h(3).
4
Let t(g) = 37*g + 353. Determine t(-10).
-17
Let f(m) = -30*m - 209. Determine f(-7).
1
Let m(q) = -q**3 - 6*q**2 + 75*q + 503. Calculate m(-7).
27
Let r(z) = 26*z**2 + 14*z + 12. Give r(0).
12
Let i(g) = -56*g - 666. Calculate i(-8).
-218
Let u(l) = -129*l**2 - 774*l - 5. Calculate u(-6).
-5
Let x(q) = -964*q**3 + 2*q**2 - 17*q + 15. What is x(1)?
-964
Let i(h) = 2*h**2 + 31*h + 42. Give i(-14).
0
Let l(p) = 14*p**2 + 67*p - 9. What is l(-5)?
6
Let u(v) = 128*v + 85. Calculate u(-2).
-171
Let k(d) = 15*d + 840. Calculate k(-53).
45
Let w(j) = 2*j**2 - 66*j + 272. Give w(5).
-8
Let p(m) = -2*m**3 + 10*m**2 + 18*m + 18. Determine p(9).
-468
Let t(k) = -654*k + 10453. Give t(16).
-11
Let y(t) = 2*t**2 - 59*t - 219. Determine y(33).
12
Let g(c) = -c**2 - 342*c - 1698. Calculate g(-5).
-13
Let g(a) = -2229*a - 75790. Give g(-34).
-4
Let k(r) = -2*r**2 + 95*r + 699. What is k(54)?
-3
Let s(k) = -2*k**3 + 2*k**2 + 8. Calculate s(2).
0
Let y(l) = l**3 - 13*l**2 + 42*l - 21. Determine y(6).
-21
Let p(b) = 730*b - 12413. Give p(17).
-3
Let b(d) = 6*d**2 + 58*d + 39. Calculate b(-8).
-41
Let c(s) = s**2 - 18*s + 104. Give c(21).
167
Let w(i) = -334*i - 1787. What is w(-8)?
885
Let b(u) = 92*u**2 - 452*u - 15. What is b(5)?
25
Let k(a) = -187*a + 6362. What is k(34)?
4
Let v(x) = -575*x - 8056. Determine v(-14).
-6
Let x(p) = 38*p + 2294. What is x(-58)?
90
Let b(u) = -u**3 + 44*u**2 + 2*u - 102. Give b(44).
-14
Let c(r) = -34*r - 2500. Calculate c(-77).
118
Let g(l) = l**3 + 12*l**2 + 47*l + 783. Determine g(-13).
3
Let d(i) = -32*i - 743. Determine d(-27).
121
Let y(k) = -k**2 - 5337*k + 37413. Calculate y(7).
5
Let f(y) = -y**3 - 172*y**2 - 4*y - 720. Give f(-172).
-32
Let v(a) = -a**3 + 9*a**2 + 34*a + 12. What is v(12)?
-12
Let r(c) = -5257*c - 15766. Calculate r(-3).
5
Let h(n) = -75*n + 1615. What is h(20)?
115
Let v(s) = 2*s**2 - 26*s + 62. Calculate v(15).
122
Let c(k) = 104*k + 555. Calculate c(-5).
35
Let j(v) = -4*v**2 - 35*v + 34. Give j(-9).
25
Let j(s) = 544*s + 5986. Calculate j(-11).
2
Let b(x) = 249*x + 25. Calculate b(1).
274
Let q(w) = 7*w**2 - 9*w + 6. Determine q(2).
16
Let k(y) = -22*y**2 + 187*y - 211. What is k(6)?
119
Let v(g) = -3*g**2 - 180*g - 89. Calculate v(-61).
-272
Let m(a) = 461*a + 506. Calculate m(-1).
45
Let s(d) = d**3 + 51*d**2 + 32*d - 909. Calculate s(-50).
-9
Let g(f) = -2*f**2 + 55*f - 184. Give g(24).
-16
Let g(a) = -2*a**2 + 57*a - 13. Calculate g(0).
-13
Let l(t) = -t**2 - 96*t - 1198. Calculate l(-15).
17
Let x(o) = -9*o**2 + 11*o + 23. Calculate x(-2).
-35
Let t(h) = -h**3 - 15*h**2 + 28*h + 135. Determine t(-16).
-57
Let b(i) = -2*i**3 - 272*i**2 + 283*i + 1298. Calculate b(-137).
65
Let v(i) = -4*i**2 - 121*i - 1086. Determine v(-8).
-374
Let x(y) = -2*y**3 + 125*y**2 + 325*y + 6. Calculate x(65).
6
Let v(p) = -25*p + 727. Give v(29).
2
Let q(b) = b**3 + 70*b**2 + 552*b + 30. Calculate q(-9).
3
Let h(m) = -m**2 - 8*m - 89. What is h(0)?
-89
Let a(o) = 3258*o + 6492. Determine a(-2).
-24
Let y(v) = -v**2 + 58*v + 1360. Give y(-17).
85
Let o(w) = w**3 + 35*w**2 + 232*w + 27. Give o(-26).
79
Let c(d) = 2*d**3 - 7*d**2 - 5*d + 55. Calculate c(5).
105
Let n(b) = 45988*b + 91979. What is n(-2)?
3
Let o(m) = -11*m**3 + 41*m**2 + 4*m - 34. Determine o(4).
-66
Let s(h) = h**2 + 5*h - 739. What is s(-30)?
11
Let q(i) = -2*i - 73. Determine q(-35).
-3
Let h(m) = 13*m + 449. Determine h(-31).
46
Let m(o) = -1908*o + 9529. Determine m(5).
-11
Let b(g) = g**3 - 154*g**2 + 5*g - 787. Give b(154).
-17
Let c(f) = 94*f + 194. Give c(-2).
6
Let s(t) = 7*t**3 - 55*t**2 + 2*t + 2. What is s(7)?
-278
Let o(y) = -2*y**2 - 40*y + 165. Calculate o(-13).
347
Let m(r) = r**3 - 27*r**2 + 32*r - 58. What is m(26)?
98
Let l(p) = 20*p + 1390. What is l(-69)?
10
Let z(q) = -863*q - 7772. What is z(-9)?
-5
Let x(n) = -77*n + 913. What is x(18)?
-473
Let i(b) = -b**2 - 37*b + 1123. What is i(19)?
59
Let g(q) = -q**3 - 30*q**2 - 30*q - 24. Give g(-29).
5
Let k(s) = s - 147. Determine k(11).
-136
Let d(g) = -1827*g - 9124. What is d(-5)?
11
Let r(b) = -2*b**2 + 107*b - 507. Give r(49).
-66
Let z(v) = -v**2 - 197*v - 1865. Calculate z(-10).
5
Let n(l) = 14*l**3 + 5*l**2 - 5*l + 2. Give n(1).
16
Let t(s) = -79*s + 930. Give t(12).
-18
Let x(h) = -h**3 + 44*h**2 - 37*h + 231. Give x(43).
489
Let m(d) = -d**3 - 142*d**2 + 289*d + 130. What is m(-144)?
-14
Let u(r) = -r**3 - 248*r**2 + 1781*r - 1017. Give u(-255).
3
Let q(y) = -12*y + 75. What is q(7)?
-9
Let v(r) = 2*r**3 + 24*r**2 + 53*r + 113. What is v(-10)?
-17
Let d(v) = -97*v + 174. Give d(2).
-20
Let p(m) = -25*m - 256. Give p(-9).
-31
Let b(t) = -t**3 + 72*t**2 - 140*t - 7. Give b(70).
-7
Let f(w) = 17*w**2 - 89*w - 7. Calculate f(5).
-27
Let u(w) = -21*w + 987. Calculate u(47).
0
Let u(m) = 3*m**3 + 6*m**2 - 32*m + 59. Give u(2).
43
Let v(n) = -3*n**2 - 69*n + 130. Calculate v(-28).
-290
Let c(z) = z**3 + 36*z**2 + 132*z + 34. What is c(-4)?
18
Let q(p) = -6*p**2 + 542*p + 19596. What is q(118)?
8
Let z(f) = -f**2 - 30*f - 263. Determine z(-8).
-87
Let j(v) = -v**2 + 8*v - 96. Give j(6).
-84
Let k(u) = -7032*u + 98442. What is k(14)?
-6
Let n(y) = -y**3 + 53*y**2 - 146*y - 183. Give n(50).
17
Let w(u) = -u**3 + 53*u**2 + 4*u - 189. Give w(53).
23
Let m(k) = k**3 + 25*k**2 + 160*k + 35. Determine m(-12).
-13
Let z(a) = -8*a**2 + 145*a - 171. Determine z(17).
-18
Let f(q) = -11*q - 257. Give f(-23).
-4
Let y(r) = -3*r**3 - 56*r**2 - 31*r + 41. What is y(-18)?
-49
Let p(o) = 5*o**3 + 190*o**2 - 2*o - 113. What is p(-38)?
-37
Let k(p) = -p**2 - 5*p + 177. Give k(11).
1
Let d(v) = 2*v**3 - 3*v**2 - 46*v + 93. What is d(2)?
5
Let n(w) = -w**3 + 48*w**2 + 102*w - 67. Calculate n(50).
33
Let t(z) = 7*z**3 - 4*z**2 - z + 13. Calculate t(-2).
-57
Let f(j) = j**2 - 5*j + 17. Give f(9).
53
Let j(f) = -18*f + 986. Determine j(57).
-40
Let u(l) = -3*l**2 + 436*l + 11608. Determine u(-23).
-7
Let o(a) = 226*a - 4995. Calculate o(23).
203
Let x(o) = 9*o - 323. Give x(37).
10
Let u(r) = 432*r + 2577. Give u(-6).
-15
Let m(k) = 2*k**3 + 30*k**2 + 3*k - 288. Determine m(-14).
62
Let w(v) = -13571*v - 40716. Calculate w(-3).
-3
Let o(p) = 2*p**2 - 342*p + 684. Calculate o(2).
8
Let j(r) = -r**3 - 15*r**2 + 3*r - 33. Determine j(-14).
-271
Let p(o) = -3*o**3 + 16*o**2 + 65*o - 352. Determine p(5).
-2
Let t(v) = -37*v - 2804. Give t(-72).
-140
Let g(o) = -o**3 + 120*o**2 - 77*o - 5044. Determine g(119).
-46
Let o(c) = 6764*c + 6772. Calculate o(-1).
8
Let z(l) = -3*l**3 + 152*l**2 - 111*l + 545. Determine z(50).
-5
Let q(m) = -19*m**2 + 27*m - 27. Calculate q(-5).
-637
Let f(u) = -3*u**2 - 123*u + 531. What is f(-45)?
-9
Let r(u) = u**2 + 12*u + 66. Calculate r(-5).
31
Let d(i) = 2*i**3 - 50*i + 140. Determine d(3).
44
Let y(s) = s**2 - 10*s - 28. Calculate y(-7).
91
Let f(q) = q**2 - 436*q - 3123. What is f(-7)?
-22
Let g(v) = -3*v**2 - 562*v + 511